*m + 1. Let l(h) = -j(h) + 2*t(h). Let o(b) = -2*b. Let p be o(-5). What is l(p)?
-6
Let c(h) be the third derivative of h**5/60 - 5*h**4/24 + h**3/3 + 6666*h**2. Let s(u) = u**3 + 5*u**2 + 3*u - 1. Let o be s(-4). Determine c(o).
-4
Let j = -741 - -743. Let q(b) = -37 + 113*b**2 + 116*b**2 - 228*b**j + 0*b - b. Calculate q(0).
-37
Let q(n) = -n - 15. Suppose k + 4*k - 204 = -3*y, -5*y = k - 32. Let t = k + -65. Give q(t).
8
Let x(c) be the first derivative of -c**2 + 32*c + 2709. What is x(11)?
10
Let c(v) = -2*v**3 + v - 1. Let t(i) = -3*i**3 - 2*i**2 - 2*i - 1. Let y(l) = l**2 - 25*l - 27. Let a be y(26). Let x be t(a). Determine c(x).
-15
Let p(j) = -7*j**2 + j + 0*j**3 + 0*j**3 + j**3 + 7. Let f(m) = 3*m**2 - 12*m - 18. Let t be f(-2). Suppose -10*x - t*x + 196 = 0. Calculate p(x).
14
Let a(o) = 35569*o**2 - 71114*o**2 + 35546*o**2 - 2*o - 7. Suppose 5 - 2 = -3*x - 3*d, 5*x + 4*d = -1. Give a(x).
-4
Suppose 3*t = 2*t - d, -4*d + 8 = 0. Let m be -1*(20/(-4) + -23 + -4). Let y(r) = 28 + m - 2*r**2 + 30 - 91 - 2*r**3. What is y(t)?
7
Let n(x) = 15*x**3 + 115*x**2 + 85*x - 20. Let y(o) = 7*o**3 + 54*o**2 + 41*o - 10. Let w(p) = -6*n(p) + 13*y(p). What is w(-8)?
62
Suppose -2 - 8 = -2*f. Suppose -3 = -t, v - 2*v + f*t = 10. Let d(h) = -h + 8. Calculate d(v).
3
Let l(b) = 11*b**2 - 7*b + 21. Let p(f) = 9*f**2 - 3*f + 21. Let h(y) = 4*l(y) - 5*p(y). What is h(-9)?
15
Suppose 15*a - 14 = 8*a. Let i(q) = -10*q**a + 19*q**3 - 12*q - 1 - 6 - 20*q**3 - 4. Give i(-9).
16
Let b(o) = o**2 + o + 19. Let i = -36 + 41. Let z(r) = -r - i*r + r + 1045 - 1090. Let f be z(-9). Give b(f).
19
Let w(g) = 7*g**3 + 13*g**2 - 9*g + 11. Let c(p) = p**3 + p**2 + 1. Let m(x) = 6*c(x) - w(x). Suppose 10*h - 12*h + k = 10, 3*h = 9*k + 30. Give m(h).
-13
Suppose -7*x - 57 = -8*x. Let i = 59 - x. Let u(f) = 3*f**2 + 15*f**2 - 3*f**i - f. Give u(-1).
16
Let k(s) = -2*s**3 + 11*s**2 - 2*s - 10. Let a be k(5). Let i(n) be the second derivative of 1/20*n**5 - 5/12*n**4 + 0*n**3 + 0 + 3*n - 3*n**2. What is i(a)?
-6
Let g(y) be the first derivative of -2*y**3/3 + 5*y**2 - 15*y + 2173. Determine g(7).
-43
Let t(k) = -101*k**2 + 197*k**2 + 1 - k - 99*k**2 + 3*k + 7*k. Calculate t(4).
-11
Let o(a) = -a**3 - 7*a**2 + 9*a + 10. Suppose 5*y - 9 + 4 = h, 4*y + 3*h - 23 = 0. Let l be -4 + (-2)/(6/(-4) + y). Give o(l).
2
Let x(b) = b**3 + 5*b**2 + 2*b - 3. Let l = -24 - -31. Suppose 3*h + l = 4*h. Let m(d) = -2*d + 11. Let r be m(h). What is x(r)?
9
Let c(u) be the first derivative of 5*u**2/2 - 4*u - 1. Let t be 0 - (7/4 - (-12)/48). Let a be (-2)/(t/5)*(-66)/(-110). Calculate c(a).
11
Let s(k) be the first derivative of -k**4/12 - k**3/3 - 3*k**2 - 134*k + 60. Let p(o) be the first derivative of s(o). Calculate p(-4).
-14
Let x be 180/(-80)*(-40)/(-21) + (-4)/(-14). Let t(p) = p**3 + 5*p**2 - 3*p - 5. Give t(x).
23
Let w(p) be the second derivative of -p + 1/6*p**3 - p**2 + 0. Let z = 24339 + -24338. Determine w(z).
-1
Let x(q) = -47 - 3*q - 50 + 126. Let p be x(7). Suppose -k = -0*b - 2*b - p, 0 = -4*b - 4*k - 16. Let w(d) = -d**3 - 3*d**2 + 3*d + 3. What is w(b)?
7
Let s(g) = -g**3 + 24*g**2 - 29*g + 142. Let c be s(23). Let n(r) = r - 13. What is n(c)?
-9
Let s be (248/(-12))/((-2)/30). Let m(y) = -308 - y**3 + s - 3*y + 3*y - y. Determine m(3).
-28
Let u(p) = p**3 - 10*p**2 - 24*p + 3. Let k be u(12). Let z be 2*(-2 + (-28)/(-8)). Let b(o) = z - k - 4*o + 0. Give b(2).
-8
Let y(i) = 15*i**3 - 2*i**2 - i + 2. Let j(r) = r**3 - 35*r**2 + 71*r - 9. Let n be j(2). Calculate y(n).
14
Let v be (-986)/(-102)*3*1*1. Let q(x) = -6*x + 160. Let i be q(v). Let l(o) = o**3 + 14*o**2 + o + 10. Calculate l(i).
-4
Suppose -147*t = 1483 - 160. Let u(s) = -s + 3*s - 3*s. Give u(t).
9
Let p(s) be the third derivative of -s**6/360 + s**4/8 - 31*s**3/3 + 4*s**2. Let u(o) be the first derivative of p(o). What is u(-3)?
-6
Let i(l) be the third derivative of -l**7/2520 - l**6/120 + 7*l**5/120 - 41*l**4/24 + 34*l**2. Let v(y) be the second derivative of i(y). Give v(-8).
-9
Let q(n) = -n**3 + 8*n**2 - 16*n + 53. Let c(w) = 5*w**3 - 41*w**2 + 85*w - 267. Let x(j) = -2*c(j) - 11*q(j). What is x(6)?
-13
Let g = -1314 + 1322. Let w(k) = -4*k + 1. Give w(g).
-31
Let p = -21901 - -21903. Let n(s) = 6*s**2 - 6*s + 17. What is n(p)?
29
Let m(h) = 50. Let i(v) = -2*v + 254. Let q(f) = -3*i(f) + 16*m(f). Give q(-6).
2
Let s(u) be the first derivative of u**4/24 - u**3/2 + 3*u**2/2 + 37*u + 177. Let w(r) be the second derivative of s(r). What is w(3)?
0
Suppose -2*i = 0, -11*n + 16*n = 2*i + 3045. Let l(m) = 0 - 620*m + n*m - m**2 - 4 - 4 - 6. What is l(-10)?
-4
Let d(z) be the first derivative of -5*z**4/2 - z**3/3 + z**2 - z - 1. Suppose -2*x - 1429 - 567 = -4*w, -15 = -5*w. Let n = 993 + x. Calculate d(n).
-10
Let f(m) = 104 - 25*m + 0 - 16 - 2*m**2 + 4*m**2 - 16. Determine f(6).
-6
Let m(l) = l**2 + 7*l - 154. Suppose 16 = -q + 3*y, 107*y - 103*y - 16 = q. Give m(q).
-10
Let t(d) = 1169*d + 3517. Let k be t(-3). Let y(n) be the third derivative of n**6/120 - 3*n**5/20 - 5*n**4/12 - 2*n**3/3 + n**2. What is y(k)?
-4
Let a be 4/12 - ((-2)/(-11) - 11097/(-2673)). Let n(f) = -4*f**2 - 4*f + 3. Give n(a).
-45
Let w(t) = 10 - 27 + 47105*t - 47102*t. Give w(5).
-2
Suppose 0 = -3*n - 3*m - 12 + 42, 0 = 2*n - 5*m + 8. Let h(u) be the second derivative of u**5/20 - u**4/2 + 4*u**2 + 19*u. What is h(n)?
8
Let n = 16 + -25. Let p = n - 11. Let z be 1*4*30/p. Let v(s) = -s**3 - 6*s**2 - 4*s - 2. Calculate v(z).
22
Let w(n) = n**2 + 20*n + 70. Let a(k) = k**3 + 2*k**2 - 6*k - 8. Let h be a(-4). Calculate w(h).
6
Let d(p) = 117 + 24*p - 122 + 3*p. Let j(a) = 54*a - 9. Let s(k) = -9*d(k) + 5*j(k). Give s(1).
27
Let f(u) = -245*u - 292*u - 53 - u**2 + 548*u + 187. Give f(18).
8
Let r(d) be the second derivative of -d**6/120 - d**5/30 + d**3/6 - 31*d**2/2 + 72*d. Let x(l) be the first derivative of r(l). What is x(-2)?
1
Let x(a) = 5*a**3 - a. Let r = 3845 + -3846. Determine x(r).
-4
Let q(c) = 231*c**3 + 33*c - 458*c**3 + 13*c**2 - 11*c + 226*c**3 - 28. Let d(s) = -s + 2. Let a(b) = 6*d(b) + q(b). Calculate a(14).
12
Let b(x) be the first derivative of -x**4/4 - 2*x**3 + 11*x**2/2 + 17*x + 223. Calculate b(-7).
-11
Let q(w) be the second derivative of -w**3/6 - 15*w**2/2 - 3*w - 430. What is q(-11)?
-4
Let u(y) = 5020*y + 1 - 10035*y + 5014*y. Suppose 0*j - 5*j - 20 = 0. Give u(j).
5
Let m(t) be the first derivative of 4*t**3/3 + t - 100. Let p(h) = 17*h**2 + 7*h - 2. Let x(z) = -4*m(z) + p(z). Give x(-7).
-6
Let n(j) = -7*j**3 - 258*j**2 + 41*j + 151. Let o be n(-37). Let p(v) be the first derivative of 3*v**2/2 - 6*v + 1. What is p(o)?
3
Let l(v) = -3*v**2 - 38*v - 119. Let t be l(-6). Let s(w) = -73*w**3 + w. What is s(t)?
-72
Let t(y) = 2 + y**2 + 5*y**2 - 548*y - 2*y**2 + 552*y. Let k(q) = -q + 5. Let c be k(4). Suppose 0 = -4*j - 7 - c. Calculate t(j).
10
Let q(w) = 3*w**2 - 36*w - 38. Let f = 9288 + -9289. Calculate q(f).
1
Let o(z) = -z**3 + 2*z + 1. Let w(q) = -q**2 + 6*q + 74. Let m be w(12). Let h be (-64)/16*m/(-32)*-4. Determine o(h).
0
Let s(j) = j**3 - 9*j**2 - 6*j + 5. Suppose -o + 145 - 129 = h, 2*o = -4*h + 50. What is s(h)?
-49
Let o(j) be the third derivative of -j**5/120 - 3*j**4/8 + 23*j**3/2 + 56*j**2. Let m(y) be the first derivative of o(y). What is m(0)?
-9
Let g(w) = 2*w**3 + 3*w**2 - w + 2. Suppose -6*a - 17 = -77. Let d be 1/((70/(-21))/a). Calculate g(d).
-22
Let k(d) = -d**3 - 6*d**2 - 4*d - 2. Suppose 8 = -143*m + 139*m. Calculate k(m).
-10
Let x(m) = -m**2 - 13*m - 36. Let l(f) = -f**2 - 14*f - 48. Let c(k) = -2*l(k) + 3*x(k). What is c(-9)?
6
Let a(x) be the third derivative of x**8/1120 + x**7/2520 - x**6/720 - 97*x**4/12 + x**2 + 52. Let b(d) be the second derivative of a(d). Determine b(1).
6
Suppose 0*v = 3*c - 3*v, 2*c - 10 = -3*v. Let p(r) = 3*r**2 - 7*r**2 + 3 + 2*r**c - 27*r**3 - 2. Calculate p(1).
-28
Let a(w) = 7 - 6 + 7*w**2 - 6*w**3 - 6*w + 1 + 5*w**3 - 2*w. Suppose -2*i = -3*g + 22, -10*g + 38 = -5*g - 4*i. What is a(g)?
-10
Suppose 480 = -0*x - 6*x. Let b = x + 83. Let i(q) = -2*q - 3 + 4 - b*q. What is i(-1)?
6
Let y(p) = -17*p**3 + 4*p**2 + 8*p - 7. Let z(f) = 35*f**3 - 9*f**2 - 17*f + 15. Let s(c) = -13*y(c) - 6*z(c). Let q = -292 + 293. Calculate s(q).
12
Let u(h) = -3*h 